{"id":465,"date":"2022-03-23T08:34:04","date_gmt":"2022-03-23T07:34:04","guid":{"rendered":"http:\/\/ikusiker.eus\/?page_id=465"},"modified":"2022-08-26T12:19:34","modified_gmt":"2022-08-26T11:19:34","slug":"politica-de-privacidad","status":"publish","type":"page","link":"https:\/\/ikusiker.eus\/es\/politica-de-privacidad\/","title":{"rendered":"Pol\u00edtica de privacidad"},"content":{"rendered":"<section class=\"l-section wpb_row us_custom_9c1ae47d height_small with_img\"><div class=\"l-section-img\" role=\"img\" aria-label=\"Imagen\" data-img-width=\"1920\" data-img-height=\"124\" style=\"background-image: url(https:\/\/ikusiker.eus\/wp-content\/uploads\/2022\/05\/Breadcrumbs.png);background-position: bottom center;background-repeat: no-repeat;background-size: auto;\"><\/div><div class=\"l-section-h i-cf\"><div class=\"g-cols vc_row via_flex valign_top type_default stacking_default\"><div class=\"vc_col-sm-12 wpb_column vc_column_container\"><div class=\"vc_column-inner\"><div class=\"wpb_wrapper\"><nav class=\"g-breadcrumbs us_custom_6df4bc3a has_text_color separator_icon align_none\" itemscope itemtype=\"http:\/\/schema.org\/BreadcrumbList\"><div class=\"g-breadcrumbs-item\" itemscope itemprop=\"itemListElement\" itemtype=\"http:\/\/schema.org\/ListItem\"><a itemprop=\"item\" href=\"http:\/\/ikusiker.eus\/es\/\"><span itemprop=\"name\">Inicio<\/span><\/a><meta itemprop=\"position\" content=\"1\"\/><\/div><div class=\"g-breadcrumbs-separator\"><i class=\"far fa-angle-right\"><\/i><\/div><div class=\"g-breadcrumbs-item\">P\u00e1ginas<\/div><\/nav><\/div><\/div><\/div><\/div><\/div><\/section><section class=\"l-section wpb_row height_medium\"><div class=\"l-section-h i-cf\"><div class=\"g-cols vc_row via_flex valign_top type_default stacking_default\"><div class=\"vc_col-sm-12 wpb_column vc_column_container\"><div class=\"vc_column-inner\"><div class=\"wpb_wrapper\"><h2 class=\"w-post-elm post_title entry-title color_link_inherit\">Pol\u00edtica de privacidad<\/h2><div class=\"wpb_text_column\"><div class=\"wpb_wrapper\"><p>La presente pol\u00edtica de privacidad tiene por objeto informar sobre los tratamientos de datos personales en este sitio web y describir los derechos de asistencia a los interesados, de conformidad con el Reglamento (UE) 2016\/679 del Parlamento Europeo y del Consejo, de 27 de abril de 2016, relativo a la protecci\u00f3n de las personas f\u00edsicas en lo que respecta al tratamiento de datos personales y a la libre circulaci\u00f3n de estos datos, y la protecci\u00f3n de los datos personales y garant\u00eda de los derechos digitales, de conformidad con la Ley Org\u00e1nica 3\/2018, de 5 de diciembre.<\/p>\n<h3>\u00bfQui\u00e9n es el responsable del tratamiento de sus datos personales?<\/h3>\n<p>NOMBRE LA ENTIDAD: Ikusiker Ikus-entzunezkoen behategia<br \/>\nNIF: Q4818001B<br \/>\nDIRECCI\u00d3N: UPV\/EHUko Gizarte eta Komunikazio Zientzien Fakultatea, Sarriena auzoa z\/g, Leioa, 48940, Bizkaia.<br \/>\nTEL\u00c9FONO: 747414355<br \/>\nE-MAIL: <a href=\"mailto:ikusiker@ehu.eus\"><u>ikusiker@ehu.eus<\/u><\/a><\/p>\n<h3>\u00bfCon qu\u00e9 finalidad recabamos sus datos?<\/h3>\n<p>Ikusiker Ikus-entzunezkoen behategia almacena estos datos con la finalidad de XXX<\/p>\n<h3>\u00bfDurante cu\u00e1nto tiempo se almacenan los datos?<\/h3>\n<p>Mientras no ordene que se retiren, sus datos se almacenar\u00e1n en el fichero XXX de Ikusiker Ikus-entzunezkoen behategia<\/p>\n<h3>\u00bfQu\u00e9 nos legitima a utilizar sus datos?<\/h3>\n<p>La base legal para el tratamiento de los datos recabados a trav\u00e9s de la web <a href=\"http:\/\/www.ikusiker.eus\/\">www.Ikusiker.eus<\/a> de Ikusiker Ikus-entzunezkoen behategia es la siguiente:<\/p>\n<ol>\n<li>a<strong>.\u00a0<\/strong>El consentimiento expreso que nos ha dado al inscribirse.<\/li>\n<\/ol>\n<h3>\u00bfA qui\u00e9n se le ceder\u00e1n sus datos?<\/h3>\n<p>Ikusiker Ikus-entzunezkoen behategia no pondr\u00e1 estos datos a disposici\u00f3n de terceros.<\/p>\n<h3>\u00bfCu\u00e1les son sus derechos cuando nos facilita sus datos personales?<\/h3>\n<p>La persona que proporcione sus datos podr\u00e1 ejercer los siguientes derechos sobre los mismos:<\/p>\n<p><em>Derecho de acceso:<\/em> La persona que facilite sus datos a Ikusiker Ikus-entzunezkoen behategia podr\u00e1 solicitarle dichos datos para confirmar que est\u00e1 tratando sus datos personales.<\/p>\n<p><em>Derecho de rectificaci\u00f3n:<\/em> La persona que facilite sus datos podr\u00e1 solicitar la rectificaci\u00f3n de sus datos personales a Ikusiker Ikus-entzunezkoen behategia, si estos no son correctos o no est\u00e1n completos.<\/p>\n<p><em>Derecho de supresi\u00f3n:<\/em> La persona que facilite sus datos podr\u00e1 solicitar a Ikusiker Ikus-entzunezkoen behategia la supresi\u00f3n de sus datos personales, entre otros casos, cuando ya no sean necesarios para los objetivos para los que se recabaron.<\/p>\n<p><em>Derecho de oposici\u00f3n:<\/em> La persona que facilite sus datos puede oponerse a que Ikusiker Ikus-entzunezkoen behategia trate sus datos personales. En ese caso, Ikusiker Ikus-entzunezkoen behategia solo los conservar\u00e1 para hacer reclamaciones o para protegerse de ellas.<\/p>\n<p><em>Derecho a limitar el tratamiento:<\/em> La persona que facilite sus datos puede solicitar a Ikusiker Ikus-entzunezkoen behategia que no utilice sus datos personales de forma provisional y para usos espec\u00edficos. En ese caso, Ikusiker Ikus-entzunezkoen behategia solo los conservar\u00e1 para hacer reclamaciones o para protegerse de ellas.<\/p>\n<p><em>Derecho a la portabilidad:<\/em> La persona que facilite sus datos podr\u00e1 solicitar a Ikusiker Ikus-entzunezkoen behategia que facilite sus datos en un formato estructurado y de f\u00e1cil acceso. Del mismo modo, podr\u00e1 solicitarle que le entregue sus datos a otro responsable.<\/p>\n<p><em>Derecho a revocar el consentimiento:<\/em> Si los datos personales se han obtenido con consentimiento expreso, la persona que facilite sus datos tendr\u00e1 derecho a revocar ese consentimiento en cualquier momento.<\/p>\n<p><em>Derecho a presentar reclamaciones:<\/em> La persona que facilite sus datos tendr\u00e1 derecho a presentar una reclamaci\u00f3n ante la Agencia Espa\u00f1ola de Protecci\u00f3n de Datos, en particular si considera que el ejercicio de sus derechos no ha sido adecuado. Dicha reclamaci\u00f3n puede realizarse por v\u00eda telem\u00e1tica, a trav\u00e9s de la sede electr\u00f3nica (<a href=\"http:\/\/www.agpd.es\/\">www.agpd.es<\/a>) o dirigi\u00e9ndose a la siguiente direcci\u00f3n (C\/ Jorge Juan, 6, 28001-Madrid)<\/p>\n<p>Para ejercer cualquiera de estos derechos, la persona que facilite sus datos puede dirigirse a la direcci\u00f3n postal o la direcci\u00f3n electr\u00f3nica de Ikusiker Ikus-entzunezkoen behategia, presentando una copia del DNI para poder comprobar su identidad.<\/p>\n<\/div><\/div><\/div><\/div><\/div><\/div><\/div><\/section>\n","protected":false},"excerpt":{"rendered":"InicioP\u00e1ginasPol\u00edtica de privacidadLa presente pol\u00edtica de privacidad tiene por objeto informar sobre los tratamientos de datos personales en este sitio web y describir los derechos de asistencia a los interesados, de conformidad con el Reglamento (UE) 2016\/679 del Parlamento Europeo y del Consejo, de 27 de abril de 2016, relativo a la protecci\u00f3n de las...","protected":false},"author":3,"featured_media":0,"parent":0,"menu_order":0,"comment_status":"closed","ping_status":"closed","template":"","meta":{"_acf_changed":false,"footnotes":""},"class_list":["post-465","page","type-page","status-publish","hentry"],"acf":[],"_links":{"self":[{"href":"https:\/\/ikusiker.eus\/es\/wp-json\/wp\/v2\/pages\/465","targetHints":{"allow":["GET"]}}],"collection":[{"href":"https:\/\/ikusiker.eus\/es\/wp-json\/wp\/v2\/pages"}],"about":[{"href":"https:\/\/ikusiker.eus\/es\/wp-json\/wp\/v2\/types\/page"}],"author":[{"embeddable":true,"href":"https:\/\/ikusiker.eus\/es\/wp-json\/wp\/v2\/users\/3"}],"replies":[{"embeddable":true,"href":"https:\/\/ikusiker.eus\/es\/wp-json\/wp\/v2\/comments?post=465"}],"version-history":[{"count":6,"href":"https:\/\/ikusiker.eus\/es\/wp-json\/wp\/v2\/pages\/465\/revisions"}],"predecessor-version":[{"id":1452,"href":"https:\/\/ikusiker.eus\/es\/wp-json\/wp\/v2\/pages\/465\/revisions\/1452"}],"wp:attachment":[{"href":"https:\/\/ikusiker.eus\/es\/wp-json\/wp\/v2\/media?parent=465"}],"curies":[{"name":"wp","href":"https:\/\/api.w.org\/{rel}","templated":true}]}}

Política de privacidad

<section class="l-section wpb_row us_custom_9c1ae47d height_small with_img"><div class="l-section-img" role="img" aria-label="Imagen" data-img-width="1920" data-img-height="124" style="background-image: url(https://ikusiker.eus/wp-content/uploads/2022/05/Breadcrumbs.png);background-position: bottom center;background-repeat: no-repeat;background-size: auto;"></div><div class="l-section-h i-cf"><div class="g-cols vc_row via_flex valign_top type_default stacking_default"><div class="vc_col-sm-12 wpb_column vc_column_container"><div class="vc_column-inner"><div class="wpb_wrapper"><nav class="g-breadcrumbs us_custom_6df4bc3a has_text_color separator_icon align_none" itemscope itemtype="http://schema.org/BreadcrumbList"><div class="g-breadcrumbs-item" itemscope itemprop="itemListElement" itemtype="http://schema.org/ListItem"><a itemprop="item" href="http://ikusiker.eus/es/"><span itemprop="name">Inicio</span></a><meta itemprop="position" content="1"/></div><div class="g-breadcrumbs-separator"><i class="far fa-angle-right"></i></div><div class="g-breadcrumbs-item">Páginas</div></nav></div></div></div></div></div></section><section class="l-section wpb_row height_medium"><div class="l-section-h i-cf"><div class="g-cols vc_row via_flex valign_top type_default stacking_default"><div class="vc_col-sm-12 wpb_column vc_column_container"><div class="vc_column-inner"><div class="wpb_wrapper"><h2 class="w-post-elm post_title entry-title color_link_inherit">Política de privacidad</h2><div class="wpb_text_column"><div class="wpb_wrapper"><p>La presente política de privacidad tiene por objeto informar sobre los tratamientos de datos personales en este sitio web y describir los derechos de asistencia a los interesados, de conformidad con el Reglamento (UE) 2016/679 del Parlamento Europeo y del Consejo, de 27 de abril de 2016, relativo a la protección de las personas físicas en lo que respecta al tratamiento de datos personales y a la libre circulación de estos datos, y la protección de los datos personales y garantía de los derechos digitales, de conformidad con la Ley Orgánica 3/2018, de 5 de diciembre.</p>
<h3>¿Quién es el responsable del tratamiento de sus datos personales?</h3>
<p>NOMBRE LA ENTIDAD: Ikusiker Ikus-entzunezkoen behategia<br />
NIF: Q4818001B<br />
DIRECCIÓN: UPV/EHUko Gizarte eta Komunikazio Zientzien Fakultatea, Sarriena auzoa z/g, Leioa, 48940, Bizkaia.<br />
TELÉFONO: 747414355<br />
E-MAIL: <a href="mailto:ikusiker@ehu.eus"><u>ikusiker@ehu.eus</u></a></p>
<h3>¿Con qué finalidad recabamos sus datos?</h3>
<p>Ikusiker Ikus-entzunezkoen behategia almacena estos datos con la finalidad de XXX</p>
<h3>¿Durante cuánto tiempo se almacenan los datos?</h3>
<p>Mientras no ordene que se retiren, sus datos se almacenarán en el fichero XXX de Ikusiker Ikus-entzunezkoen behategia</p>
<h3>¿Qué nos legitima a utilizar sus datos?</h3>
<p>La base legal para el tratamiento de los datos recabados a través de la web <a href="http://www.ikusiker.eus/">www.Ikusiker.eus</a> de Ikusiker Ikus-entzunezkoen behategia es la siguiente:</p>
<ol>
<li>a<strong>. </strong>El consentimiento expreso que nos ha dado al inscribirse.</li>
</ol>
<h3>¿A quién se le cederán sus datos?</h3>
<p>Ikusiker Ikus-entzunezkoen behategia no pondrá estos datos a disposición de terceros.</p>
<h3>¿Cuáles son sus derechos cuando nos facilita sus datos personales?</h3>
<p>La persona que proporcione sus datos podrá ejercer los siguientes derechos sobre los mismos:</p>
<p><em>Derecho de acceso:</em> La persona que facilite sus datos a Ikusiker Ikus-entzunezkoen behategia podrá solicitarle dichos datos para confirmar que está tratando sus datos personales.</p>
<p><em>Derecho de rectificación:</em> La persona que facilite sus datos podrá solicitar la rectificación de sus datos personales a Ikusiker Ikus-entzunezkoen behategia, si estos no son correctos o no están completos.</p>
<p><em>Derecho de supresión:</em> La persona que facilite sus datos podrá solicitar a Ikusiker Ikus-entzunezkoen behategia la supresión de sus datos personales, entre otros casos, cuando ya no sean necesarios para los objetivos para los que se recabaron.</p>
<p><em>Derecho de oposición:</em> La persona que facilite sus datos puede oponerse a que Ikusiker Ikus-entzunezkoen behategia trate sus datos personales. En ese caso, Ikusiker Ikus-entzunezkoen behategia solo los conservará para hacer reclamaciones o para protegerse de ellas.</p>
<p><em>Derecho a limitar el tratamiento:</em> La persona que facilite sus datos puede solicitar a Ikusiker Ikus-entzunezkoen behategia que no utilice sus datos personales de forma provisional y para usos específicos. En ese caso, Ikusiker Ikus-entzunezkoen behategia solo los conservará para hacer reclamaciones o para protegerse de ellas.</p>
<p><em>Derecho a la portabilidad:</em> La persona que facilite sus datos podrá solicitar a Ikusiker Ikus-entzunezkoen behategia que facilite sus datos en un formato estructurado y de fácil acceso. Del mismo modo, podrá solicitarle que le entregue sus datos a otro responsable.</p>
<p><em>Derecho a revocar el consentimiento:</em> Si los datos personales se han obtenido con consentimiento expreso, la persona que facilite sus datos tendrá derecho a revocar ese consentimiento en cualquier momento.</p>
<p><em>Derecho a presentar reclamaciones:</em> La persona que facilite sus datos tendrá derecho a presentar una reclamación ante la Agencia Española de Protección de Datos, en particular si considera que el ejercicio de sus derechos no ha sido adecuado. Dicha reclamación puede realizarse por vía telemática, a través de la sede electrónica (<a href="http://www.agpd.es/">www.agpd.es</a>) o dirigiéndose a la siguiente dirección (C/ Jorge Juan, 6, 28001-Madrid)</p>
<p>Para ejercer cualquiera de estos derechos, la persona que facilite sus datos puede dirigirse a la dirección postal o la dirección electrónica de Ikusiker Ikus-entzunezkoen behategia, presentando una copia del DNI para poder comprobar su identidad.</p>
</div></div></div></div></div></div></div></section>

InicioPáginasPolítica de privacidadLa presente política de privacidad tiene por objeto informar sobre los tratamientos de datos personales en este sitio web y describir los derechos de asistencia a los interesados, de conformidad con el Reglamento (UE) 2016/679 del Parlamento Europeo y del Consejo, de 27 de abril de 2016, relativo a la protección de las...
